{"id":101,"date":"2018-06-19T12:03:00","date_gmt":"2018-06-19T12:03:00","guid":{"rendered":"https:\/\/new.burch-korrodi.ch\/?page_id=101"},"modified":"2018-07-24T08:45:22","modified_gmt":"2018-07-24T08:45:22","slug":"publikation-aufbruch-zur-neuen-form-der-goldschmied-meinrad-burch-korrodi-1897-1978-und-seine-werkstatt","status":"publish","type":"page","link":"https:\/\/burch-korrodi.ch\/?page_id=101","title":{"rendered":"<h4>Publikation<\/br> &#8222;Aufbruch zur neuen Form&#8220; Der Goldschmied Meinrad Burch-Korrodi 1897 &#8211; 1978 und seine Werkstatt<\/h4>"},"content":{"rendered":"<div id=\"pl-101\"  class=\"panel-layout\" ><div id=\"pg-101-0\"  class=\"panel-grid panel-has-style\" ><div style=\"padding: 1px 0; \" data-overlay=\"true\" data-overlay-color=\"#000000\" class=\"panel-row-style panel-row-style-for-101-0\" ><div id=\"pgc-101-0-0\"  class=\"panel-grid-cell\" ><div id=\"panel-101-0-0-0\" class=\"so-panel widget widget_sow-editor panel-first-child\" data-index=\"0\" ><div style=\"text-align: left;\" data-title-color=\"#443f3f\" data-headings-color=\"#443f3f\" class=\"panel-widget-style panel-widget-style-for-101-0-0-0\" ><div\n\t\t\t\n\t\t\tclass=\"so-widget-sow-editor so-widget-sow-editor-base\"\n\t\t\t\n\t\t>\n<div class=\"siteorigin-widget-tinymce textwidget\">\n\t<p>Der 100. Geburtstag von Meinrad Burch-Korrodi am 27. Mai 1997 ist der \u00e4ussere Anlass, um erstmals \u00fcberhaupt das Gesamtwerk dieses bedeutenden Schweizer K\u00fcnstlers von internationalem Rang mit allen seinen vielf\u00e4ltigen Aspekten in einer ausgewogenen Auswahl in Wort und Bild zusammenzustellen und dadurch die Akzente ganz bewusst etwas anderes zu setzen. Die Publikation soll versuchen, einen anderen und neuen Ansatzpunkt des Zugangs zu diesem beeindruckend vief\u00e4ltigen Schaffen zu finden. Gleichzeitig ist es ein Anliegen, die tiefe Ernsthaftigkeit der Auffassung dieses K\u00fcnstlers und Kunsthandwerkes herauszuarbeiten, die er nicht nur seinen sogenannten \"grossen\" und \"bedeutenden\" Werken zukommen liess, sondern auch den kleinsten T\u00e4tigkeiten zuwandte, die er in Angriff nah.<\/p>\n<p>Herausgegeben von der Stiftung Meinrad Burch-Korrodi und Hedwig Maria Burch-Wyser, Sarnen<br \/>\nals Begleitpublikation zur Gedenkausstellung 1997 im Alten Kollegium, Sarnen<\/p>\n<p style=\"text-align: left;\">Preis Fr. 36.00 (exkl. Versandkosten)<br \/>\n<a href=\"https:\/\/burch-korrodi.ch\/wp-content\/uploads\/2018\/06\/6387873c74-1.gif\"><img fetchpriority=\"high\" fetchpriority=\"high\" decoding=\"async\" class=\"size-medium wp-image-104 alignnone\" src=\"https:\/\/burch-korrodi.ch\/wp-content\/uploads\/2018\/06\/6387873c74-1-230x300.gif\" alt=\"\" width=\"230\" height=\"300\" srcset=\"https:\/\/burch-korrodi.ch\/wp-content\/uploads\/2018\/06\/6387873c74-1-230x300.gif 230w, https:\/\/burch-korrodi.ch\/wp-content\/uploads\/2018\/06\/6387873c74-1-350x457.gif 350w\" sizes=\"(max-width: 230px) 100vw, 230px\" \/><\/a><br \/>\nBildlegende: Amtskette f\u00fcr den Rektor der ETH Z\u00fcrich (1966, Gold)<\/p>\n<\/div>\n<\/div><\/div><\/div><div id=\"panel-101-0-0-1\" class=\"widget_text so-panel widget widget_custom_html\" data-index=\"1\" ><div style=\"text-align: left;\" data-title-color=\"#443f3f\" data-headings-color=\"#443f3f\" class=\"widget_text panel-widget-style panel-widget-style-for-101-0-0-1\" ><div class=\"textwidget custom-html-widget\"><h4>\n\tBestellung der Publikation\n<\/h4>\n\n<div class=\"wpcf7 no-js\" id=\"wpcf7-f117-o1\" lang=\"de-DE\" dir=\"ltr\" data-wpcf7-id=\"117\">\n<div class=\"screen-reader-response\"><p role=\"status\" aria-live=\"polite\" aria-atomic=\"true\"><\/p> <ul><\/ul><\/div>\n<form action=\"\/index.php?rest_route=%2Fwp%2Fv2%2Fpages%2F101#wpcf7-f117-o1\" method=\"post\" class=\"wpcf7-form init\" aria-label=\"Kontaktformular\" novalidate=\"novalidate\" data-status=\"init\">\n<fieldset class=\"hidden-fields-container\"><input type=\"hidden\" name=\"_wpcf7\" value=\"117\" \/><input type=\"hidden\" name=\"_wpcf7_version\" value=\"6.1.5\" \/><input type=\"hidden\" name=\"_wpcf7_locale\" value=\"de_DE\" \/><input type=\"hidden\" name=\"_wpcf7_unit_tag\" value=\"wpcf7-f117-o1\" \/><input type=\"hidden\" name=\"_wpcf7_container_post\" value=\"0\" \/><input type=\"hidden\" name=\"_wpcf7_posted_data_hash\" value=\"\" \/>\n<\/fieldset>\n<p><label>Name (Pflichtfeld)<br \/>\n<span class=\"wpcf7-form-control-wrap\" data-name=\"your-name\"><input size=\"40\" maxlength=\"400\" class=\"wpcf7-form-control wpcf7-text wpcf7-validates-as-required\" aria-required=\"true\" aria-invalid=\"false\" value=\"\" type=\"text\" name=\"your-name\" \/><\/span> <\/label>\n<\/p>\n<p><label>Anschrift (Pflichtfeld)<br \/>\n<span class=\"wpcf7-form-control-wrap\" data-name=\"Anschrift\"><textarea cols=\"40\" rows=\"10\" maxlength=\"2000\" class=\"wpcf7-form-control wpcf7-textarea wpcf7-validates-as-required\" aria-required=\"true\" aria-invalid=\"false\" name=\"Anschrift\"><\/textarea><\/span><\/label>\n<\/p>\n<p><label>E-Mail<span class=\"wpcf7-form-control-wrap\" data-name=\"E-Mail\"><input size=\"40\" maxlength=\"400\" class=\"wpcf7-form-control wpcf7-email wpcf7-text wpcf7-validates-as-email\" aria-invalid=\"false\" value=\"\" type=\"email\" name=\"E-Mail\" \/><\/span><\/label>\n<\/p>\n<p><label>Telefon-Nr<span class=\"wpcf7-form-control-wrap\" data-name=\"Telefon-Nr\"><input size=\"40\" maxlength=\"400\" class=\"wpcf7-form-control wpcf7-text\" aria-invalid=\"false\" value=\"\" type=\"text\" name=\"Telefon-Nr\" \/><\/span><\/label>\n<\/p>\n<p><label>Anzahl Publikationen (Pflichtfeld)<br \/>\n<span class=\"wpcf7-form-control-wrap\" data-name=\"AnzahlPublikationen\"><input size=\"40\" maxlength=\"400\" class=\"wpcf7-form-control wpcf7-text wpcf7-validates-as-required\" aria-required=\"true\" aria-invalid=\"false\" value=\"\" type=\"text\" name=\"AnzahlPublikationen\" \/><\/span><\/label>\n<\/p>\n<p><input class=\"wpcf7-form-control wpcf7-submit has-spinner\" type=\"submit\" value=\"Senden\" \/>\n<\/p><p style=\"display: none !important;\" class=\"akismet-fields-container\" data-prefix=\"_wpcf7_ak_\"><label>&#916;<textarea name=\"_wpcf7_ak_hp_textarea\" cols=\"45\" rows=\"8\" maxlength=\"100\"><\/textarea><\/label><input type=\"hidden\" id=\"ak_js_1\" name=\"_wpcf7_ak_js\" value=\"155\"\/><script type=\"text\/javascript\">\n\/* <![CDATA[ *\/\ndocument.getElementById( \"ak_js_1\" ).setAttribute( \"value\", ( new Date() ).getTime() );\n\/* ]]> *\/\n<\/script>\n<\/p><div class=\"wpcf7-response-output\" aria-hidden=\"true\"><\/div>\n<\/form>\n<\/div>\n<\/div><\/div><\/div><div id=\"panel-101-0-0-2\" class=\"so-panel widget widget_text panel-last-child\" data-index=\"2\" ><div style=\"text-align: left;\" data-title-color=\"#443f3f\" data-headings-color=\"#443f3f\" class=\"panel-widget-style panel-widget-style-for-101-0-0-2\" >\t\t\t<div class=\"textwidget\"><div id=\"c67\" class=\"csc-default\">\n<h4>Publikation<br \/>\n&#8222;Gold und Silberarbeiten&#8220;<br \/>\naus der Werkstatt Meinrad Burch-Korrodi<\/h4>\n<p class=\"bodytext\">Sakrale Kunst Band I, herausgegeben von der Schweizerischen St. Lukasgesellschaft, Z\u00fcrich 1954 NZN Buchverlag vergriffen.<\/p>\n<p><a href=\"https:\/\/burch-korrodi.ch\/wp-content\/uploads\/2018\/07\/Buch_5_web_2.gif\"><img decoding=\"async\" class=\"alignnone wp-image-532\" src=\"https:\/\/burch-korrodi.ch\/wp-content\/uploads\/2018\/07\/Buch_5_web_2.gif\" alt=\"\" width=\"218\" height=\"443\" \/><\/a><\/p>\n<\/div>\n<div id=\"c68\" class=\"csc-default\">\n<div class=\"csc-textpic csc-textpic-left csc-textpic-above\">\n<div class=\"csc-textpic-imagewrap csc-textpic-single-image\"><\/div>\n<\/div>\n<\/div>\n<\/div>\n\t\t<\/div><\/div><\/div><\/div><\/div><\/div>","protected":false},"excerpt":{"rendered":"<p>Der 100. Geburtstag von Meinrad Burch-Korrodi am 27. Mai 1997 ist der \u00e4ussere Anlass, um erstmals \u00fcberhaupt das Gesamtwerk dieses bedeutenden Schweizer [&hellip;]<\/p>\n","protected":false},"author":1,"featured_media":0,"parent":0,"menu_order":0,"comment_status":"closed","ping_status":"closed","template":"","meta":{"footnotes":""},"class_list":["post-101","page","type-page","status-publish","hentry"],"_links":{"self":[{"href":"https:\/\/burch-korrodi.ch\/index.php?rest_route=\/wp\/v2\/pages\/101","targetHints":{"allow":["GET"]}}],"collection":[{"href":"https:\/\/burch-korrodi.ch\/index.php?rest_route=\/wp\/v2\/pages"}],"about":[{"href":"https:\/\/burch-korrodi.ch\/index.php?rest_route=\/wp\/v2\/types\/page"}],"author":[{"embeddable":true,"href":"https:\/\/burch-korrodi.ch\/index.php?rest_route=\/wp\/v2\/users\/1"}],"replies":[{"embeddable":true,"href":"https:\/\/burch-korrodi.ch\/index.php?rest_route=%2Fwp%2Fv2%2Fcomments&post=101"}],"version-history":[{"count":49,"href":"https:\/\/burch-korrodi.ch\/index.php?rest_route=\/wp\/v2\/pages\/101\/revisions"}],"predecessor-version":[{"id":760,"href":"https:\/\/burch-korrodi.ch\/index.php?rest_route=\/wp\/v2\/pages\/101\/revisions\/760"}],"wp:attachment":[{"href":"https:\/\/burch-korrodi.ch\/index.php?rest_route=%2Fwp%2Fv2%2Fmedia&parent=101"}],"curies":[{"name":"wp","href":"https:\/\/api.w.org\/{rel}","templated":true}]}}